st the prime factors of f.
2
Let h = -3 + 8. Suppose h*q - 25 = 5. Let w(t) = -t**3 + 7*t**2 - 4*t - 8. List the prime factors of w(q).
2
Let v(i) = -i**3 + 5*i**2 + 7*i + 2. What are the prime factors of v(6)?
2
Let p(u) = -u**3 - 4*u**2 - 3*u - 4. Let h be p(-4). Let n(v) = v**2 - 7*v - 2. List the prime factors of n(h).
2, 3
Suppose 0 = 4*q - 61 - 35. Let l = q - 15. List the prime factors of l.
3
Let j(o) be the first derivative of -o**4/4 - o**3/3 - 1. Let w be j(1). What are the prime factors of (-42)/3*1/w?
7
Let t = 188 - 101. List the prime factors of t.
3, 29
Let g = 4 + -1. Suppose -5*k = -2*z + 5*z - 8, 0 = -g*z + 4*k - 28. What are the prime factors of 9 + z/(3 + -1)?
7
Let j(t) = t**3 + 4*t**2 - 7*t - 6. Let f be j(-5). Suppose f*v - 65 - 17 = -3*g, 4*g = -4*v + 104. What are the prime factors of g?
2, 11
List the prime factors of 6/21 - 1653/(-21).
79
Let q = -70 + 118. Suppose 5*l - 2*l = q. Let i = l + -8. What are the prime factors of i?
2
List the prime factors of (-4 + 3)/(2/(-44)).
2, 11
Let i(y) = -y**3 - 3*y**2 - 5*y + 3. Let k(o) = o**2 + 4*o - 1. Let a be k(-3). What are the prime factors of i(a)?
3, 13
Let z(v) = -v**2 + 7*v - 2. Let b be z(7). List the prime factors of b/(3/(51/(-2))).
17
Suppose 0 = -x + n + 148, -2*x + 306 = 2*n + n. What are the prime factors of x?
2, 3, 5
Suppose 4*c - n = 38, -5*c = -c - 3*n - 42. Let h be ((-6)/c)/((-2)/(-18)). Let m = h - -15. List the prime factors of m.
3
Suppose c = -2*c + 120. List the prime factors of c.
2, 5
Let o be (9 + -1)*27/12. Let c = o + -13. What are the prime factors of c?
5
Let y = -22 - -142. List the prime factors of y.
2, 3, 5
Suppose 2*q + q = 54. What are the prime factors of q?
2, 3
Let h(s) = -s**3 + 5*s**2 - s + 2. Let r be h(5). Let f(p) = -3*p - 2. Let v be f(r). List the prime factors of 2/v + (-12)/(-7).
2
List the prime factors of ((-34)/(-4))/(4/24 + 0).
3, 17
Let j(r) = -4*r - 3. Suppose 14 = -3*g - 1. Let b be g - 3*(-2 - -1). What are the prime factors of j(b)?
5
Let m(s) = -10*s. Let x be m(-1). Let w = 12 - x. List the prime factors of w.
2
Suppose 78 = 5*j - 3*b, 4*j = 2*j - 4*b + 52. Suppose j = 5*r - 77. What are the prime factors of r?
19
Suppose 0 = -4*d - d. Suppose v + 7 = -d*v. Let n(o) = -o**3 - 6*o**2 + 5*o - 1. List the prime factors of n(v).
13
Let p(i) = -i + 7. Suppose 5*n - 15 - 10 = 0. Let q be p(n). Suppose -3*d + 2*b + 36 = -q*b, 5*b = d - 23. What are the prime factors of d?
2
Suppose -5*i = 5, -3*j + 149 = -0*j - 5*i. List the prime factors of j.
2, 3
Suppose 10 = -4*c + 2*o + 62, 3*c = 5*o + 46. Let n = c + -4. List the prime factors of n.
2
Suppose -5*s - 4*x = -135, 0 = 5*s + x - 6*x - 180. What are the prime factors of s?
31
Suppose -6*t + 134 = -t - 3*z, -4*t + 3*z + 109 = 0. List the prime factors of t.
5
Let v(b) = b**3 + 2*b**2 - 5*b - 2. Let q be v(-3). Suppose 0 = 3*a - 5 + 2. Suppose -7 - a = -q*f. List the prime factors of f.
2
Let a = -3 - -1. What are the prime factors of a + 3/(12/52)?
11
Suppose -3*v = -2 - 1. Let x be -2 + v/((-2)/(-4)). Let s(i) = -i**2 + 7. What are the prime factors of s(x)?
7
Let r be 3 + -2 + 0 + 1. Suppose 3*p + r*p = 0. Suppose -2*f + p*f = -a + 13, -4*a + 2 = 2*f. List the prime factors of a.
3
Let c be ((-3)/3)/((-3)/15). Let h = c + -4. What are the prime factors of (19/(-3))/(h/(-3))?
19
Suppose 15 = 5*s - 0. Suppose -s*v = 5*q - 27, 3*q - 32 = -q - 5*v. Suppose -l - 5*h = -2, h = q*l - 0*h - 38. What are the prime factors of l?
2, 3
Let i(f) = 3*f**2 - f + f. Let y be i(1). Suppose 0 = -y*o - 2*o + 40. List the prime factors of o.
2
Let s = 4 + 0. Suppose 5*u + 0*u = -s*h + 11, 0 = -h - 2*u + 5. What are the prime factors of (h*4)/(-2) - -2?
2
Suppose -3*q + q + z + 5 = 0, -2*q = 3*z + 7. Suppose s + 8 - q = 4*t, 0 = -2*t + 8. List the prime factors of s.
3
Suppose -4*d = 3*a - 41, -2*a + 4*d - 11 = -d. What are the prime factors of a?
7
Let f = 73 + -41. What are the prime factors of f?
2
Let o(p) be the second derivative of p**4/12 - p**3/3 - 3*p**2 - p. List the prime factors of o(5).
3
Let g = -54 - -95. List the prime factors of g.
41
Let v(s) = s**3 - 5*s**2 - 5*s + 1. Let t be v(6). Let l(x) = -x**3 + 7*x**2 + 3*x - 10. List the prime factors of l(t).
11
Suppose -5*o - u + 163 = 0, -o + 39 = -3*u - 0. List the prime factors of o.
3, 11
Suppose p + d = -2*d + 4, 0 = -5*p + 2*d + 71. What are the prime factors of p?
13
Let r be (-34)/(-9) - 6/(-27). Let c = r - 2. List the prime factors of c.
2
Suppose 0 = 5*q + 59 - 144. What are the prime factors of q?
17
Suppose 5*y - 205 = 145. List the prime factors of y.
2, 5, 7
Suppose 1 = -5*l - 9. Suppose 4*k - 17 = 19. Let b = k + l. What are the prime factors of b?
7
Suppose -28*m = -33*m + 440. List the prime factors of m.
2, 11
Let d = 53 + 17. List the prime factors of d.
2, 5, 7
Let y(d) = d + 11. Let w be y(-5). Let a be -6*(w/9 + -2). Suppose c + 9 + a = 5*r, 0 = 5*r + 5*c - 35. What are the prime factors of r?
2
Let r(w) = -2*w**2 + 9*w**2 - 2 + w**3 - 2*w**2 - 4*w. What are the prime factors of r(-5)?
2, 3
Let b be 1/4 + (-140)/(-16). Let a = 2 + -5. Let f = b + a. List the prime factors of f.
2, 3
Let u be 2/7 + 26/7. Suppose 86 = u*c + 6. What are the prime factors of c?
2, 5
Let i(d) = 2*d**2 - 8*d - 11. What are the prime factors of i(-12)?
373
Suppose 0*u - 5*u + 1145 = 0. List the prime factors of u.
229
Suppose -p - 3*p + 104 = 0. List the prime factors of p.
2, 13
Let g be 14/(-18) - (-4)/(-18). Let j be (0*g/2)/(-2). Let x(d) = d**3 - d**2 + d + 16. What are the prime factors of x(j)?
2
Let p = 25 - 21. Suppose 1 - 17 = -p*l. What are the prime factors of l?
2
Let j(p) = -2 - p**2 - 8*p + 8 + 3 - 4. List the prime factors of j(-7).
2, 3
Suppose 4*h - 3*h - 30 = 0. What are the prime factors of h?
2, 3, 5
Let g = 24 - 15. Let l(z) = -z**2 + 8*z + 12. Let v be l(g). Suppose -3*y - y - v*x + 66 = 0, 5*y = 3*x + 96. List the prime factors of y.
2, 3
Suppose -5*v + 35 = -4*b, 4*v + 4*b + 5 = -v. Suppose 0 = -r - v + 12. What are the prime factors of r?
3
Let j = 15 - -1. Let d(f) = j + f**2 - 5 + 9*f + 0*f**2 + 0*f**2. List the prime factors of d(-8).
3
Let b = 724 + -421. List the prime factors of b.
3, 101
Suppose 27*p - 29*p + 132 = 0. List the prime factors of p.
2, 3, 11
Suppose 2*t + 742 = 9*t. What are the prime factors of t?
2, 53
Let v(u) = -u**3 + u**2 - 3*u + 3. Let m be v(3). Let h = 69 + m. What are the prime factors of h?
3, 5
Let l(r) = -r**2 + 2*r - 12. Let g be l(8). Let k = 85 + g. List the prime factors of k.
5
List the prime factors of (-1 + 7)*(-21)/(-14).
3
Suppose -5*l - u - u + 329 = 0, 4*l + u = 262. Suppose 0 = -4*n + 83 + l. What are the prime factors of n?
37
Let s(l) = -l + 7. Let r be s(5). Suppose -2 = r*u - 18. Suppose -4*v + 2*k = -3*k - 38, u = 4*k. List the prime factors of v.
2, 3
Suppose 57*v - 56*v = 208. List the prime factors of v.
2, 13
Suppose 2*z - 15 = -z. Suppose -z*j + 149 = 39. List the prime factors of j.
2, 11
Let u(p) be the first derivative of -p**3/3 + 9*p**2/2 - 6*p - 1. List the prime factors of u(8).
2
Suppose -19 = -4*f + 9. Suppose i - 21 = -f. What are the prime factors of i?
2, 7
Let n = 9 + 10. Let r = -14 + n. What are the prime factors of r?
5
Suppose 11*g = 10*g + 3. What are the prime factors of g?
3
Suppose -21 = -4*a + 3*y, -4*a + 3*y + 2*y = -11. List the prime factors of a.
3
Let j = 6 + -11. Let r = 7 + j. What are the prime factors of r?
2
List the prime factors of (51/6)/((-3)/(-12)).
2, 17
Suppose -d - 105 = -b, 2*b + d + d - 230 = 0. What are the prime factors of b?
2, 5, 11
Let p be (-4 + -2)/(12/(-16)). Let n be (2/p)/((-2)/(-8)). Let g = n + 4. List the prime factors of g.
5
Suppose -2*j = j - 9. Suppose 4*h + 3*q = h + 9, -j*q + 23 = 5*h. What are the prime factors of h?
7
Let w(b) be the third derivative of -5*b**4/24 - 7*b**3/6 - 2*b**2. List the prime factors of w(-5).
2, 3
Suppose -r - 4*a = -7, -a + 16 = 4*r + 3. List the prime factors of 38/r - (-7)/21.
13
Let u = -3 - -5. Suppose 0 = -a - 4*x - 4, -13 = -u*a + x - 2*x. List the prime factors of a/20*15*3.
2, 3
Let z(m) = -2*m - 12. Let p be z(-9). Suppose -p*i + 3*i = -27. List the prime factors of i.
3
Suppose -2*k = -7*k + 75. Let t = -13 + k. What are the prime factors of t?
2